*u + 55, -3*u - 24 = -i*z. Calculate the remainder when ((-69)/(-9) - -1)*3 is divided by z.
8
Suppose -34 = -t - 0. Let h = 40 + -31. What is the remainder when t is divided by h?
7
Let o = -4 - -7. Suppose l + 0*f - f - 22 = 0, -3*f = o*l - 72. Let j(b) = -7*b + 1. Calculate the remainder when l is divided by j(-1).
7
Let w be -25*(-3 - (1 + -3)). Suppose -7*y + 8*y = w. What is the remainder when 72 is divided by y?
22
Let w(v) = v**2 + 6*v - 2. What is the remainder when 14 is divided by w(-7)?
4
Calculate the remainder when 81/((-52)/(-286) + 58/44) is divided by 29.
25
Suppose -4*y + 3*y = 1. Let c(s) = -7*s**3 + 2*s**2 + s. Let g = 8 + -5. Calculate the remainder when c(y) is divided by g.
2
Suppose -g + 6*g = 140. Let d(m) = 4*m - 10. Suppose 0 = y + 2 - 7. What is the remainder when g is divided by d(y)?
8
What is the remainder when (20 + -16)/(-2 + 28/13) is divided by 14?
12
Suppose -2*h + 5 + 9 = 0. Suppose -h*z + 2*z = -90. What is the remainder when 50 is divided by z?
14
Suppose 10 = -2*t, -4*n + 2*t + 65 = -9. Suppose 3*l - n = 2. What is the remainder when l is divided by 3?
0
Let d(a) = -a + 7. Let o = -6 - -3. Let v = o + 4. Calculate the remainder when d(5) is divided by v.
0
Let a = 41 - 33. What is the remainder when 29 is divided by a?
5
Suppose -2*q + 3*m - 42 = -5*q, -3*q = m - 42. Let k = 35 - 9. What is the remainder when k is divided by q?
12
Let i(c) = -c**2 + 5*c - 3. Suppose 5 - 17 = -4*y. What is the remainder when y is divided by i(4)?
0
Suppose 0 = -4*n - v - 0*v - 29, 0 = 3*n - 5*v - 7. Let o(z) = -2*z - 8. Let g be o(n). Suppose -g*b - b + 15 = 0. What is the remainder when b is divided by 1?
0
Let l = 40 - -3. Calculate the remainder when l is divided by 11.
10
Suppose 0*a + 2*a = 166. Let h = a - 54. What is the remainder when h is divided by 8?
5
Suppose -2*s = -3*s + 24. Suppose 0*z = -3*z + s. Suppose -14 = -x + z. What is the remainder when x is divided by 8?
6
Let f = -5 - -6. Suppose 5*r = -4*s + s + 8, 2*r - 12 = s. Suppose -5*z + 6 = -r. Calculate the remainder when z is divided by f.
0
Let c be 1 + 3 - (-2 - 96). Suppose -2*d + c = 2*q - 7*d, -5*q + 209 = -d. Calculate the remainder when q is divided by (29 + -1)*(-2)/(-4).
13
Suppose -2*x - 4*h = -44, 5*h = -0*x - 4*x + 97. Calculate the remainder when 110 is divided by x.
26
Suppose 9 + 26 = 7*w. Suppose 2*x = -2*a - 2*a + 22, 2*a = -3*x + 17. What is the remainder when x + -2 - 0 - -6 is divided by w?
2
Let r(d) = -d**2 - d. Let u(w) = -2*w**3 - 6*w**2 - 2*w - 2. Let c(y) = 5*r(y) - u(y). What is the remainder when 31 is divided by c(2)?
15
Let v be -11 + 0 + 0 - -3. Let s = v + 17. Suppose 2*y = d + 1, -4*y = 2*d + y - 25. Calculate the remainder when s is divided by d.
4
Let d be 1*(2/2 + -1). Suppose d = -3*l + 5*t + 34, 5*t + 1 + 9 = 0. Calculate the remainder when 22 is divided by l.
6
Let h = -180 + 183. What is the remainder when 9 is divided by h?
0
Let a be 6/(-27) + 1318/18. Let k = 133 - a. Suppose -k = -5*y - 10. Calculate the remainder when 18 is divided by y.
8
Suppose -4*v - 13 = -29. Calculate the remainder when 8 is divided by v.
0
Suppose -5*c + 0*c - 60 = -5*v, 0 = 4*v - 3*c - 49. What is the remainder when 36 is divided by v?
10
Let n be 0*(-3)/(-18)*3. Let i = -5 - -12. What is the remainder when i is divided by (5 + -1)/(1 + n)?
3
Suppose -6*u = -u - 15, 1 = 2*k - u. Calculate the remainder when (7/k)/(4/56) is divided by 17.
15
Suppose -3*i + 4*g + 71 = 0, 5*g = 5*i + 2*g - 122. Suppose 2*k - 5*s = -2*s + i, -3*s + 52 = 5*k. What is the remainder when 21 is divided by k?
10
Let f = 83 + -12. Calculate the remainder when f is divided by 25.
21
Suppose 5*z = t + 2*z - 63, -2*t - z + 112 = 0. Calculate the remainder when t is divided by 21.
15
Let c = 30 + -15. What is the remainder when 59 is divided by c?
14
Suppose -4*o + 88 = -4*r, 0 = 4*r + 7 + 5. Suppose -18 = -3*n + n. What is the remainder when (o - 1) + -1 + 0 is divided by n?
8
Suppose 0 = 2*p + 2*p - 20. Let k(v) = -9*v**3 + v. Let u(m) = -m**2 - m + 1. Let r be u(-2). Calculate the remainder when k(r) is divided by p.
3
Suppose -q = -3*z - 119, -3*z - 221 = -2*q + 2. Let i = q + -61. Let d = 15 + 7. Calculate the remainder when i is divided by d.
21
Suppose -60 = -11*v + 7*v. Calculate the remainder when v is divided by 9.
6
Suppose -4*f + 9*f = -c + 10, 2*f - 2*c + 8 = 0. Suppose -5*z + 9 = -f. Suppose 10 = -t + z*t. What is the remainder when 18 is divided by t?
8
Suppose 4*i + 157 = 3*h, 5*i - 10 = -0. Let a = 37 + -24. Suppose 2*b = 15 + a. What is the remainder when h is divided by b?
13
Let p be (-1)/(-4) - 58/8. Let r = p - -39. Calculate the remainder when r is divided by 17.
15
Let v(i) be the third derivative of -25*i**4/12 - i**3/3 + 4*i**2. What is the remainder when v(-1) is divided by 17?
14
Let k(p) = -p**2 - 7*p - 5. Let t be k(-6). Calculate the remainder when 13 + 7 - 3*t is divided by 6.
5
Let o = -30 + 50. Calculate the remainder when 78 is divided by o.
18
Suppose -4*q = -3*k - 2, q = -1 + 3. Calculate the remainder when 12 is divided by k.
0
Suppose 8*t - 51 = 5*t. What is the remainder when t is divided by 9?
8
Let o = 0 + 1. Suppose -4*y + 5*h = -2*y - 29, 2*y = -h - o. Calculate the remainder when (-4)/6 + (-77)/(-21) is divided by y.
1
Let n be -1*(9/1)/(-3). Suppose 0 = 5*x - n*x - 18. Suppose 8*g + 33 = 5*u + 4*g, 3*g + x = 2*u. Calculate the remainder when 25 is divided by u.
7
Let m(n) = n**3 + 4*n - n + 0*n - 2*n**3 - 5*n**2. Suppose 4*c - 6*t - 15 = -t, 5*c = 4*t + 30. Calculate the remainder when m(-6) is divided by c.
8
Suppose -5*l = -t + 4*t - 28, -t - 4*l = 0. What is the remainder when 61 is divided by t?
13
Let h(q) = q**3 + 8*q**2 + 5*q - 1. Calculate the remainder when 48 is divided by h(-7).
9
Let b be -1*(336/2)/(-4). Let y = b + -29. Calculate the remainder when y is divided by 4.
1
Suppose -7 = p - 2*p. Suppose -s = 2*s - 21. Suppose -5*l = -4*x + s + 41, l + 60 = 5*x. Calculate the remainder when x is divided by p.
5
Let r(c) = -c**2 - c + 35. Suppose -q = -4*q. What is the remainder when r(q) is divided by 12?
11
Suppose 3*z + 4*j - j = 129, -170 = -4*z - 2*j. Let q = -15 + 26. Calculate the remainder when z is divided by q.
9
Let s = 18 - 15. Suppose 2*w + 1 = s*b, 0 = -2*w - 0*w + 2*b + 4. Calculate the remainder when w is divided by 2.
1
Let b(c) = 3*c**3 + c**2 + 2*c + 1. Let v be b(-1). What is the remainder when (-12)/1*1/v is divided by (-18)/(-8) + 2/(-8)?
0
Suppose -3*c = -14*c + 253. Let g = 40 - -4. Calculate the remainder when g is divided by c.
21
Suppose -4*t + 9*t - 20 = 0. Suppose 0 = -0*a + 5*a - t*p - 130, -3*a = -p - 78. Let w(g) = -10*g**3 - g**2. Calculate the remainder when a is divided by w(-1).
8
Suppose 0 = 2*s + s - 2*g - 149, 5*g + 240 = 5*s. Let j = -6 + s. Let p = -16 + j. What is the remainder when p is divided by 16?
15
Let y = 11 + -11. Suppose 0 = -y*j + j - 15. Suppose -2*q + 30 = -26. Calculate the remainder when q is divided by j.
13
Let h = 18 + 1. What is the remainder when h is divided by 5?
4
Let p(n) = -n**3 + 2*n**2 + 3*n - 3. Let t be p(-3). Let c = t + -22. Calculate the remainder when 31 is divided by c.
9
Let g = 89 + -51. What is the remainder when g is divided by 13?
12
Let f(w) = -2*w + 19. Calculate the remainder when 13 is divided by f(7).
3
Let s = 0 - -5. What is the remainder when s is divided by 2?
1
Suppose -8 = 5*k - 9*k. Suppose 0 = -k*g + q + 66, 0 = 2*g - g + 2*q - 23. What is the remainder when 61 is divided by g?
30
Suppose -3*c - 63 = -3*w + 15, 3*w - 46 = -5*c. Let h(z) = z**3 + 5*z**2 - 9*z - 6. What is the remainder when w is divided by h(-6)?
10
Let m = 13 - 8. Let r = 12 - m. Let g = -37 - -41. Calculate the remainder when r is divided by g.
3
Let x = -116 - -179. Calculate the remainder when x is divided by 32.
31
Let h = 92 - 64. What is the remainder when h is divided by 6?
4
Let p(q) = q**3 - 12*q**2 + 10*q + 13. Let g be p(11). Suppose 0 = -4*v + g*n + 14, -4*n = 7*v - 4*v - 27. What is the remainder when 19 is divided by v?
4
Suppose 0 = -2*b + 7*b, 2*j + 4*b = 10. What is the remainder when 22 is divided by j?
2
Let t(x) = -11*x**3 + x**2 + 2*x + 1. Suppose -h + 4*h = -3. Let m(q) = -5*q**3 - 2*q**2 - 2*q - 1. What is the remainder when t